Suppose 5*l - 131 = -2*v, 4*l - 5*v + 3*v = 112. Let n be 10/4*(3 + l). Suppose 2*o = -2*o + 60. What is the greatest common divisor of n and o?
15
Let d(k) = k**2 + 10*k - 4. Let h be d(-11). Let l be ((-20)/14)/((-1)/h). What is the greatest common divisor of 2 and l?
2
Let v(s) = 2*s**2 + 9*s - 8. Let w be v(-8). Let d = 182 + -176. Calculate the highest common factor of w and d.
6
Suppose 0 = -m + 4*m - 120. Let f = m - -20. What is the greatest common divisor of f and 40?
20
Let a(k) = -k**3 - 7*k**2 + 5*k + 4. Let o be a(-8). Suppose -5*b + 0*b - 3*z = -58, 0 = -2*b + 4*z + 44. What is the highest common divisor of b and o?
14
Let k = -2 + 4. Let d be 536/18 - k/(-9). Let v(g) = -g**3 + 6*g**2 + 9*g - 2. Let s be v(7). What is the greatest common factor of d and s?
6
Let s(y) be the third derivative of 3*y**6/40 - y**5/15 + y**4/8 - y**3/3 + 2*y**2. Let o be s(2). What is the highest common factor of 20 and o?
20
Let j = 9 + -5. Let g(y) = -y**2 - 7*y. Let r be g(-3). Calculate the greatest common factor of j and r.
4
Let r = -2 - -29. What is the highest common divisor of r and 18?
9
Suppose -3*z + 9 = -81. Let r = 67 + -55. What is the greatest common divisor of r and z?
6
Let f be -7*(-13)/((-364)/(-72)). Calculate the highest common divisor of 45 and f.
9
Let q be 548/10 - ((-14)/(-5) - 3). Calculate the greatest common divisor of 22 and q.
11
Let u(d) = -d**2 + d + 3. Let p be u(0). Suppose p*h - 12 - 24 = -4*s, h + 5*s - 23 = 0. What is the greatest common factor of 64 and h?
8
Let b be ((-6)/(-9))/((-8)/(-36)). Let q(x) = -x**2 + 5*x - 2. Let s be q(b). What is the highest common factor of s and 4?
4
Let j be 6/(-10 + -2) - 14/(-4). What is the greatest common factor of j and 2?
1
Let h = 2 + 12. Suppose 4*s + 36 + 112 = 4*m, -3*s = 6. What is the greatest common divisor of h and m?
7
Suppose 0 = 5*x - x - 104. Calculate the greatest common factor of 13 and x.
13
Let b(l) = 9*l**2 - 7*l + 4. Let f be b(4). What is the greatest common factor of f and 30?
30
Let h be (-5)/((-5)/2 + 2). Suppose -2*o + h = -o. Let m = 21 - o. Calculate the greatest common factor of m and 66.
11
Suppose 2*i - 3*o - 76 = -2*i, -4*i = o - 60. Suppose 0 = -3*w - 117 - 75. Let a be (6/4)/(-3)*w. Calculate the greatest common divisor of i and a.
16
Let j = 178 + -162. Calculate the greatest common divisor of 80 and j.
16
Suppose -2 = q - 4. Suppose q*b + 0*b = 50. What is the greatest common divisor of 175 and b?
25
Let z = 52 - 32. What is the highest common divisor of 5 and z?
5
Suppose -7*w = -2*w + s - 19, -w + 5*s = -9. Suppose 3*z - 2 = -v + w, 2*z - 15 = 3*v. Let t be -5 + z + 0 - -5. What is the greatest common divisor of 1 and t?
1
Suppose t - 34 = -5*x, 2*x - 6*x - 4*t + 40 = 0. Suppose -2*w - 40 = -x*w. What is the highest common factor of w and 70?
10
Suppose 0 = 2*m - 5*m + 270. What is the greatest common factor of m and 36?
18
Let m be (-6)/4*(-24)/18. Suppose 5*q - 22 + m = 0. Calculate the greatest common factor of 20 and q.
4
Let l be (4/(-6))/(2/(-36)). Suppose 2*j = -2*q + 16, -j + 7*q - 8 = 4*q. Calculate the highest common divisor of l and j.
4
Suppose 17*g - 180 - 177 = 0. Let c = -4 - -6. Suppose 441 = c*z + z. Calculate the highest common divisor of z and g.
21
Let a(v) = -5*v**2 - 28*v - 3. Let o be a(-5). What is the highest common divisor of o and 90?
6
Suppose 0 = 3*b - b - 50. What is the highest common factor of b and 25?
25
Suppose -5*g + 260 = -2*g - d, 4*d - 280 = -3*g. Suppose 5*o - 20 = 3*o + 2*a, -4 = -4*a. Calculate the highest common factor of o and g.
11
Suppose -2*x + 34 = -0*x - 3*t, 0 = 2*x - 2*t - 32. Calculate the highest common factor of x and 4.
2
Suppose 6*a = 7*a + 2. Let q = a - -7. Suppose 5*m - 375 = -5*t, -4*m + 2 = -q*m. Calculate the highest common divisor of t and 7.
7
Let u be (2/(-3))/(8/(-24)). Suppose 20 = 2*x + 2*x. What is the highest common divisor of u and x?
1
Let p be 5*(332/10 + 0). Suppose 1 = 5*f + p. Let k = f + 68. Calculate the greatest common factor of k and 14.
7
Suppose -o + 201 + 44 = 0. What is the highest common factor of 98 and o?
49
Let j(q) = 2*q**2 - 4*q. Let w be j(3). Let n be (-8)/12 + 10/w. Let p = 1 + n. Calculate the highest common factor of p and 1.
1
Let b(y) = -4*y - 2. Let d be b(-2). Calculate the highest common divisor of d and 15.
3
Suppose -9*l + 8*l + 4 = 0. Suppose -96 = -4*h + l*y, -y + 5*y = -4. Calculate the greatest common divisor of h and 23.
23
Suppose -2*k - 16 = -5*o, -3*o - k + 0 = -14. Suppose -3*y - o*s + 288 = y, -303 = -4*y - s. What is the greatest common divisor of y and 7?
7
Let z(i) be the first derivative of i**2 + 8*i + 3. Let k be z(7). What is the greatest common divisor of 2 and k?
2
Let u be 704/77 - 1/7. Let s = -2 + 4. Let i = 3 - s. What is the highest common factor of i and u?
1
Let k be ((-6)/1)/(30/(-40)). What is the highest common divisor of 72 and k?
8
Let k be (0 - -7)*2*1/2. What is the greatest common factor of 133 and k?
7
Let b be (1 - -4)/(6/18). Let x(o) be the second derivative of 5*o**3/2 - 2*o. Let m be x(2). Calculate the greatest common factor of b and m.
15
Let p = 13 + -8. Let j(k) = -k**3 - k**2 + 7*k - 6. Let m be j(p). Let l = -85 - m. What is the greatest common factor of l and 12?
12
Suppose 5*a + 11 = 2*q, 2*q - 4*a + 11 = 7*q. Suppose q*s + 4*j = -j + 191, -s - 5*j + 77 = 0. What is the greatest common divisor of 38 and s?
19
Let k(m) = -3*m - 1. Let c be k(-9). Suppose -5*f + 4*f = -2*u - 282, 5*u + 1134 = 4*f. Calculate the greatest common divisor of f and c.
26
Suppose 46 - 10 = 2*w. What is the highest common divisor of w and 27?
9
Let c = -7 - -55. Calculate the greatest common divisor of 24 and c.
24
Let m(w) = w - 4. Let a be m(6). Suppose 5*j = -a*h + 38, -8 = -4*h + 8. Calculate the highest common factor of j and 6.
6
Suppose -r = -1 - 1. Suppose l = 3*l + 4, r*z - 10 = -2*l. Suppose -f + 2*w + 3 = w, 2*w = 8. Calculate the highest common factor of f and z.
7
Suppose -4*l + k = -12, 2*l + 4*k - 6 = 2*k. Suppose l*r = 20 + 19. Calculate the greatest common divisor of r and 65.
13
Let x(w) = -w**3 - 4*w**2 - 2*w + 6. Let y be x(-3). Calculate the greatest common factor of 6 and y.
3
Let h(o) = 0 + o + 3 + 0*o + 5. Let c be h(-6). Suppose -u + 331 = c*u - 5*n, 3*u = -4*n + 340. Calculate the highest common divisor of 16 and u.
16
Let z be ((-6)/3 - -4) + -34. Let l = -20 - z. What is the greatest common factor of l and 24?
12
Let u(a) = 26*a**3 + a - 1. Let x be u(1). Let k be (-59)/(-1) - (5 + -11). What is the greatest common factor of k and x?
13
Let g be -1 + -6*(-22)/6. What is the greatest common divisor of g and 105?
21
Let h(w) = 11*w**2 - 3. Let c be h(-4). Let d = c - 103. What is the greatest common divisor of d and 10?
10
Let r(p) = -p**3 + 8*p**2 + 8*p - 10. Let d(a) = -3*a + 2. Let o be d(-2). Let l be r(o). What is the greatest common divisor of 18 and l?
18
Let p(q) = -q + 1. Let r be p(2). Let t = r + 12. Let n = 9 + t. Calculate the greatest common factor of 4 and n.
4
Suppose -5*m + 242 = -m - h, m - h - 62 = 0. Let y = -8 + 14. Calculate the highest common factor of y and m.
6
Suppose 2 - 7 = -5*c. What is the greatest common factor of c and 9?
1
Let n(s) = 4*s**2 - s - 3. Let k be n(-2). Calculate the greatest common divisor of k and 150.
15
Let h = 32 - 11. What is the greatest common divisor of h and 14?
7
Let s(b) = b**2 + 2*b - 3. Let h be s(-3). Suppose -3*v + g - 131 = h, -2*v + 0*g = 2*g + 74. Let k = v + 68. What is the greatest common factor of k and 39?
13
Suppose 0 = 2*l + 5*m - 10*m - 32, m - 82 = -3*l. Suppose 2*z - 16 = l. What is the greatest common factor of z and 21?
21
Let y = -60 - -203. What is the highest common divisor of y and 13?
13
Let n be -2 + 6 + (-2)/(-1). Let z = -4 + 5. Let p = 1 + z. What is the greatest common factor of p and n?
2
Let s(i) = i**3 - 5*i**2 - 7*i - 13. Let p be s(7). What is the greatest common factor of p and 60?
12
Let r(b) = 20*b**3 + b**2 - b. Let x be r(2). Let z(c) = -c**3 - c**2 - c + 18. Let o be z(0). Calculate the highest common divisor of x and o.
18
Let i(p) = -50*p**3 + 2*p**2 + 2*p + 1. Let a be i(-1). Suppose -a = 2*q + 5*t - 166, 3 = 3*t. Calculate the highest common factor of q and 11.
11
Let m be (6 - -1 - -1) + 